{"id":110,"date":"2021-10-22T12:00:16","date_gmt":"2021-10-22T10:00:16","guid":{"rendered":"https:\/\/myblog-55tmp2pmzl.live-website.com\/?post_type=product&#038;p=110"},"modified":"2022-10-24T10:10:15","modified_gmt":"2022-10-24T08:10:15","slug":"isabel-la-catolica-y-alhama","status":"publish","type":"product","link":"https:\/\/myblog-55tmp2pmzl.live-website.com\/?product=isabel-la-catolica-y-alhama","title":{"rendered":"Isabel la Cat\u00f3lica y Alhama 1482-2021"},"content":{"rendered":"<p>Publicaci\u00f3n del Patronato de Estudios Alhame\u00f1os de 2021, con motivo del monumento erigido a Isabel I de Castilla.<\/p>\n<p>24 p\u00e1ginas en color con art\u00edculos variados de diferentes autores.<br \/>\nPublicaci\u00f3n dirigida por Andr\u00e9s Garc\u00eda Maldonado.<br \/>\nCoordinada por Juan Cabezas.<\/p>\n<p>Informaci\u00f3n relacionada:<\/p>\n<ul>\n<li><a href=\"https:\/\/alhamacomarcal.blogspot.com\/2021\/10\/el-viernes-22-de-octubre-inauguracion.html\" target=\"_blank\" rel=\"noopener\">El viernes 22 de octubre de 2021, inauguraci\u00f3n del monumento a Isabel la Cat\u00f3lica<\/a>.<\/li>\n<li><a href=\"https:\/\/alhamacomarcal.blogspot.com\/2021\/10\/el-por-que-un-monumento-de-alhama.html\" target=\"_blank\" rel=\"noopener\">\u00bfEl por qu\u00e9 un monumento de Alhama a Isabel la Cat\u00f3lica?<\/a><\/li>\n<li><a href=\"https:\/\/alhamacomarcal.blogspot.com\/2021\/10\/un-monumento-para-hacer-visible-la.html\" target=\"_blank\" rel=\"noopener\">Un monumento para hacer visible la Historia de Alhama<\/a>.<\/li>\n<\/ul>\n<div id=\"simple-translate\" class=\"simple-translate-light-theme\">\n<div>\n<div class=\"simple-translate-button isShow\" style=\"background-image: url('moz-extension:\/\/9cbcd5e9-791e-4bc5-93b6-5f3599cf87e2\/icons\/512.png'); height: 22px; width: 22px; top: 46px; left: 752px;\"><\/div>\n<div class=\"simple-translate-panel \" style=\"width: 300px; height: 200px; top: 0px; left: 0px; font-size: 13px;\">\n<div class=\"simple-translate-result-wrapper\" style=\"overflow: hidden;\">\n<div class=\"simple-translate-move\" draggable=\"true\"><\/div>\n<div class=\"simple-translate-result-contents\">\n<p class=\"simple-translate-candidate\" dir=\"auto\">\n<\/div>\n<\/div>\n<\/div>\n<\/div>\n<\/div>\n","protected":false},"excerpt":{"rendered":"<p>Publicaci\u00f3n que se distribuy\u00f3 gratuitamente en su d\u00eda, s\u00f3lo se cobran los gastos de manipulaci\u00f3n y env\u00edo.<\/p>\n","protected":false},"featured_media":43,"template":"","meta":{"_themeisle_gutenberg_block_has_review":false},"product_cat":[24],"product_tag":[],"_links":{"self":[{"href":"https:\/\/myblog-55tmp2pmzl.live-website.com\/index.php?rest_route=\/wp\/v2\/product\/110"}],"collection":[{"href":"https:\/\/myblog-55tmp2pmzl.live-website.com\/index.php?rest_route=\/wp\/v2\/product"}],"about":[{"href":"https:\/\/myblog-55tmp2pmzl.live-website.com\/index.php?rest_route=\/wp\/v2\/types\/product"}],"wp:featuredmedia":[{"embeddable":true,"href":"https:\/\/myblog-55tmp2pmzl.live-website.com\/index.php?rest_route=\/wp\/v2\/media\/43"}],"wp:attachment":[{"href":"https:\/\/myblog-55tmp2pmzl.live-website.com\/index.php?rest_route=%2Fwp%2Fv2%2Fmedia&parent=110"}],"wp:term":[{"taxonomy":"product_cat","embeddable":true,"href":"https:\/\/myblog-55tmp2pmzl.live-website.com\/index.php?rest_route=%2Fwp%2Fv2%2Fproduct_cat&post=110"},{"taxonomy":"product_tag","embeddable":true,"href":"https:\/\/myblog-55tmp2pmzl.live-website.com\/index.php?rest_route=%2Fwp%2Fv2%2Fproduct_tag&post=110"}],"curies":[{"name":"wp","href":"https:\/\/api.w.org\/{rel}","templated":true}]}}