{"id":160,"date":"2023-03-04T21:09:41","date_gmt":"2023-03-04T19:09:41","guid":{"rendered":"https:\/\/myblog-55tmp2pmzl.live-website.com\/?post_type=product&#038;p=160"},"modified":"2023-03-04T21:23:11","modified_gmt":"2023-03-04T19:23:11","slug":"anuario-pea-2023-proximamente","status":"publish","type":"product","link":"https:\/\/myblog-55tmp2pmzl.live-website.com\/?product=anuario-pea-2023-proximamente","title":{"rendered":"Anuario PEA 2023 &#8211; PR\u00d3XIMAMENTE"},"content":{"rendered":"<p>Anuario del Patronato de Estudios Alhame\u00f1os del a\u00f1o 2022.<\/p>\n<p><strong><span style=\"color: #993300; font-size: 18pt;\">El sumario de este a\u00f1o es el siguiente<\/span><\/strong><\/p>\n<p>4 PROCLAMA DE ALHAMA El pueblo de Alhama de Granada.<br \/>\n5 RA\u00daL G\u00c1LVEZ ELEGIDO PRESIDENTE DEL PATRONATO DE ESTUDIOS ALHAME\u00d1OS. 725 A\u00d1OS DESPU\u00c9S<br \/>\n8 TREINTA A\u00d1OS PROPICIANDO EL REENCUENTRO Y ESTRECHANDO LAZOS CON LA COMARCA.<br \/>\n10 CERCA DE 300 PERSONAS DISFRUTARON DE LA XVI VELADA \u201cALHAMA CIUDAD DE LOS ROMANCES\u201d.<br \/>\n12 ACTO PRESENTACI\u00d3N VI EDICI\u00d3N DEL PREMIO EDUARDO DE HINOJOSA Y NAVEROS<br \/>\n13 ANDR\u00c9S GARCIA MALDONADO, \u201cCIUDADANO DISTINGUIDO\u201d DE RINC\u00d3N DE LA VICTORIA<br \/>\n15 POR EL CAMINO DEL R\u00cdO<br \/>\n16 EL TURRO E.L.A. Y SU APORTACI\u00d3N A EL PALACIO DE CARLOS V EN LA ALHAMBRA<br \/>\n17 NUEVOS MIEMBROS DE N\u00daMERO DEL PATRONATO DE ESTUDIOS ALHAME\u00d1OS<br \/>\n18 PREMIOS ALHAMA 2022<br \/>\n20 APADRINAR UN CORTIJO<br \/>\n22 LA IMPORTANCIA DE LAS MATRONAS EN ALHAMA<br \/>\n23 USO HIST\u00d3RICO DEL AGUA EN EL T\u00c9RMINO MUNICIPAL DE ALHAMA DE GRANADA. Lectura e identificaci\u00f3n de los sistemas hist\u00f3ricos de regad\u00edo.<br \/>\n25 EL \u00abTESORO\u00bb QUE EL PADRE FERRER GUARDABA EN DOS CAJAS DE LATA<br \/>\n28 ILUMINANDO A NARV\u00c1EZ<br \/>\n30 DEL \u201cPASAJE DE SOR CLARA\u201d A LA \u201cPLAZA DE LAS HERMANAS CLARISAS DE ALHAMA\u201d.<br \/>\n32 EL IES ALHAMA CRECE EN SUS PROYECTOS ERASMUS + 34 VINO DE ALHAMA DE GRANADA, TRADICI\u00d3N E HISTORIA<br \/>\n38 EL CANT\u00d3N DE ALHAMA DE GRANADA. 150 A\u00d1OS<br \/>\n37 JOAQU\u00cdN T. VALDERRAMA UN \u2018ORIUNDO DE ALHAMA\u2019, DISTINGUIDO CON LA CRUZ DE CABALLERO DE LA REAL ORDEN DE ISABEL LA CAT\u00d3LICA<br \/>\n39 POEMA \u201cLA PANDEMIA\u201d<br \/>\n40 UNA NUEVA ETAPA EN LA ESCUELA DE M\u00daSICA DE ALHAMA<\/p>\n<p><span style=\"font-size: 18pt; color: #993300;\"><strong>Informaci\u00f3n relacionada<\/strong><\/span><\/p>\n<p>&#8211; <a href=\"https:\/\/alhama.com\/digital\/sociedad\/patronato-ea\/15419\" target=\"_blank\" rel=\"noopener\"><strong>Informaci\u00f3n sobre el acto del Patronato el 27-febrero-2023<\/strong><\/a>.<\/p>\n","protected":false},"excerpt":{"rendered":"<p>Anuario del Patronato de Estudios Alhame\u00f1os del a\u00f1o 2022. El sumario de este a\u00f1o es el siguiente 4 PROCLAMA DE ALHAMA El pueblo de Alhama de Granada. 5 RA\u00daL G\u00c1LVEZ ELEGIDO PRESIDENTE DEL PATRONATO DE ESTUDIOS ALHAME\u00d1OS. 725 A\u00d1OS DESPU\u00c9S 8 TREINTA A\u00d1OS PROPICIANDO EL REENCUENTRO Y ESTRECHANDO LAZOS CON LA COMARCA. 10 CERCA DE [&hellip;]<\/p>\n","protected":false},"featured_media":161,"template":"","meta":{"_themeisle_gutenberg_block_has_review":false},"product_cat":[22],"product_tag":[],"_links":{"self":[{"href":"https:\/\/myblog-55tmp2pmzl.live-website.com\/index.php?rest_route=\/wp\/v2\/product\/160"}],"collection":[{"href":"https:\/\/myblog-55tmp2pmzl.live-website.com\/index.php?rest_route=\/wp\/v2\/product"}],"about":[{"href":"https:\/\/myblog-55tmp2pmzl.live-website.com\/index.php?rest_route=\/wp\/v2\/types\/product"}],"wp:featuredmedia":[{"embeddable":true,"href":"https:\/\/myblog-55tmp2pmzl.live-website.com\/index.php?rest_route=\/wp\/v2\/media\/161"}],"wp:attachment":[{"href":"https:\/\/myblog-55tmp2pmzl.live-website.com\/index.php?rest_route=%2Fwp%2Fv2%2Fmedia&parent=160"}],"wp:term":[{"taxonomy":"product_cat","embeddable":true,"href":"https:\/\/myblog-55tmp2pmzl.live-website.com\/index.php?rest_route=%2Fwp%2Fv2%2Fproduct_cat&post=160"},{"taxonomy":"product_tag","embeddable":true,"href":"https:\/\/myblog-55tmp2pmzl.live-website.com\/index.php?rest_route=%2Fwp%2Fv2%2Fproduct_tag&post=160"}],"curies":[{"name":"wp","href":"https:\/\/api.w.org\/{rel}","templated":true}]}}